{"id":4630,"date":"2020-04-01T19:42:41","date_gmt":"2020-04-01T17:42:41","guid":{"rendered":"https:\/\/www.frecherzwerg.com\/?post_type=product&#038;p=4630"},"modified":"2021-11-08T10:52:06","modified_gmt":"2021-11-08T09:52:06","slug":"mund-und-nasenmaske-fuer-kinder-erdbeeren","status":"publish","type":"product","link":"https:\/\/www.frecherzwerg.com\/de\/shop\/mund-und-nasenmaske\/mund-und-nasenmaske-fuer-kinder-erdbeeren\/","title":{"rendered":"Mund- und Nasenmaske f\u00fcr Kinder Erdbeeren"},"content":{"rendered":"<p>Eigenschaften:<br \/>\n&#8211; wiederverwendbar<br \/>\n&#8211; waschbar bei 60\u00b0<br \/>\n&#8211; das Gummiband kann der Kopfgr\u00f6\u00dfe angepasst werden<br \/>\n&#8211; durch einen eingearbeiteten Draht kann die Maske gut an die Nase angepasst werden und schlie\u00dft so gut ab<br \/>\n&#8211; aus \u00d6ko-Tex Standard 100 zertifizierten Materialien produziert<br \/>\n&#8211; handgemacht in \u00d6sterreich<\/p>\n<p>Material:<br \/>\nAussen: 100% Baumwolle<\/p>\n<p>ACHTUNG! Unsere Masken haben keinen medizinischen Virenfilter und bieten keinen Schutz vor der Ansteckung mit Covid-19. Sie sch\u00fctzen lediglich deine Mitmenschen.<\/p>\n","protected":false},"excerpt":{"rendered":"<p>Ein &#8222;must have&#8220; Fr\u00fchling 2020<\/p>\n<p>Diese Mund- und Nasenmasken sehen nicht nur stylish aus sie sind in der jetzigen Situation wichtig f\u00fcr das Wohl und die Sicherheit von Familien und deren Mitmenschen. Wir reduzieren dadurch die Teilung der Tr\u00f6pfchen in der Umgebung.<\/p>\n<p>Die Masken sind gut waschbar und wiederverwendbar und wir k\u00f6nnen dadurch auch einen guten Beitrag zur Umwelt leisten.<\/p>\n<p>Durch den eingearbeiteten Draht kann sie optimal an die Nase und Wangen angepasst werden, dadurch ist die Maske auch f\u00fcr Brillentr\u00e4ger sehr beliebt. Der Gummi ist weich und daher angenehm zu tragen.<\/p>\n<p>Geeignet von 2-9 Jahre<\/p>\n<p>Ab 10 Jahre empfehlen wir das Erwachsenen-Modell.<\/p>\n","protected":false},"featured_media":4628,"comment_status":"open","ping_status":"closed","template":"","meta":{"_acf_changed":false},"product_brand":[],"product_cat":[178],"product_tag":[],"class_list":{"0":"post-4630","1":"product","2":"type-product","3":"status-publish","4":"has-post-thumbnail","6":"product_cat-mund-und-nasenmaske","8":"first","9":"instock","10":"taxable","11":"shipping-taxable","12":"purchasable","13":"product-type-simple"},"acf":[],"yoast_head":"<!-- This site is optimized with the Yoast SEO plugin v26.3 - https:\/\/yoast.com\/wordpress\/plugins\/seo\/ -->\n<title>Mund- und Nasenmaske f\u00fcr Kinder Erdbeeren - Frecher Zwerg<\/title>\n<meta name=\"robots\" content=\"index, follow, max-snippet:-1, max-image-preview:large, max-video-preview:-1\" \/>\n<link rel=\"canonical\" href=\"https:\/\/www.frecherzwerg.com\/de\/shop\/mund-und-nasenmaske\/mund-und-nasenmaske-fuer-kinder-erdbeeren\/\" \/>\n<meta property=\"og:locale\" content=\"de_DE\" \/>\n<meta property=\"og:type\" content=\"article\" \/>\n<meta property=\"og:title\" content=\"Mund- und Nasenmaske f\u00fcr Kinder Erdbeeren - Frecher Zwerg\" \/>\n<meta property=\"og:description\" content=\"Ein &quot;must have&quot; Fr\u00fchling 2020  Diese Mund- und Nasenmasken sehen nicht nur stylish aus sie sind in der jetzigen Situation wichtig f\u00fcr das Wohl und die Sicherheit von Familien und deren Mitmenschen. Wir reduzieren dadurch die Teilung der Tr\u00f6pfchen in der Umgebung.  Die Masken sind gut waschbar und wiederverwendbar und wir k\u00f6nnen dadurch auch einen guten Beitrag zur Umwelt leisten.  Durch den eingearbeiteten Draht kann sie optimal an die Nase und Wangen angepasst werden, dadurch ist die Maske auch f\u00fcr Brillentr\u00e4ger sehr beliebt. Der Gummi ist weich und daher angenehm zu tragen.  Geeignet von 2-9 Jahre  Ab 10 Jahre empfehlen wir das Erwachsenen-Modell.\" \/>\n<meta property=\"og:url\" content=\"https:\/\/www.frecherzwerg.com\/de\/shop\/mund-und-nasenmaske\/mund-und-nasenmaske-fuer-kinder-erdbeeren\/\" \/>\n<meta property=\"og:site_name\" content=\"Frecher Zwerg\" \/>\n<meta property=\"article:modified_time\" content=\"2021-11-08T09:52:06+00:00\" \/>\n<meta property=\"og:image\" content=\"https:\/\/www.frecherzwerg.com\/wp-content\/uploads\/2020\/04\/Mund-und-Nasenschutz-Erdbeere-Kind-small-1.jpg\" \/>\n\t<meta property=\"og:image:width\" content=\"900\" \/>\n\t<meta property=\"og:image:height\" content=\"900\" \/>\n\t<meta property=\"og:image:type\" content=\"image\/jpeg\" \/>\n<meta name=\"twitter:card\" content=\"summary_large_image\" \/>\n<script type=\"application\/ld+json\" class=\"yoast-schema-graph\">{\"@context\":\"https:\/\/schema.org\",\"@graph\":[{\"@type\":\"WebPage\",\"@id\":\"https:\/\/www.frecherzwerg.com\/de\/shop\/mund-und-nasenmaske\/mund-und-nasenmaske-fuer-kinder-erdbeeren\/\",\"url\":\"https:\/\/www.frecherzwerg.com\/de\/shop\/mund-und-nasenmaske\/mund-und-nasenmaske-fuer-kinder-erdbeeren\/\",\"name\":\"Mund- und Nasenmaske f\u00fcr Kinder Erdbeeren - Frecher Zwerg\",\"isPartOf\":{\"@id\":\"https:\/\/www.frecherzwerg.com\/de\/#website\"},\"primaryImageOfPage\":{\"@id\":\"https:\/\/www.frecherzwerg.com\/de\/shop\/mund-und-nasenmaske\/mund-und-nasenmaske-fuer-kinder-erdbeeren\/#primaryimage\"},\"image\":{\"@id\":\"https:\/\/www.frecherzwerg.com\/de\/shop\/mund-und-nasenmaske\/mund-und-nasenmaske-fuer-kinder-erdbeeren\/#primaryimage\"},\"thumbnailUrl\":\"https:\/\/www.frecherzwerg.com\/wp-content\/uploads\/2020\/04\/Mund-und-Nasenschutz-Erdbeere-Kind-small-1.jpg\",\"datePublished\":\"2020-04-01T17:42:41+00:00\",\"dateModified\":\"2021-11-08T09:52:06+00:00\",\"breadcrumb\":{\"@id\":\"https:\/\/www.frecherzwerg.com\/de\/shop\/mund-und-nasenmaske\/mund-und-nasenmaske-fuer-kinder-erdbeeren\/#breadcrumb\"},\"inLanguage\":\"de\",\"potentialAction\":[{\"@type\":\"ReadAction\",\"target\":[\"https:\/\/www.frecherzwerg.com\/de\/shop\/mund-und-nasenmaske\/mund-und-nasenmaske-fuer-kinder-erdbeeren\/\"]}]},{\"@type\":\"ImageObject\",\"inLanguage\":\"de\",\"@id\":\"https:\/\/www.frecherzwerg.com\/de\/shop\/mund-und-nasenmaske\/mund-und-nasenmaske-fuer-kinder-erdbeeren\/#primaryimage\",\"url\":\"https:\/\/www.frecherzwerg.com\/wp-content\/uploads\/2020\/04\/Mund-und-Nasenschutz-Erdbeere-Kind-small-1.jpg\",\"contentUrl\":\"https:\/\/www.frecherzwerg.com\/wp-content\/uploads\/2020\/04\/Mund-und-Nasenschutz-Erdbeere-Kind-small-1.jpg\",\"width\":900,\"height\":900},{\"@type\":\"BreadcrumbList\",\"@id\":\"https:\/\/www.frecherzwerg.com\/de\/shop\/mund-und-nasenmaske\/mund-und-nasenmaske-fuer-kinder-erdbeeren\/#breadcrumb\",\"itemListElement\":[{\"@type\":\"ListItem\",\"position\":1,\"name\":\"Startseite\",\"item\":\"https:\/\/www.frecherzwerg.com\/de\/\"},{\"@type\":\"ListItem\",\"position\":2,\"name\":\"Shop\",\"item\":\"https:\/\/www.frecherzwerg.com\/de\/shop\/\"},{\"@type\":\"ListItem\",\"position\":3,\"name\":\"Mund- und Nasenmaske f\u00fcr Kinder Erdbeeren\"}]},{\"@type\":\"WebSite\",\"@id\":\"https:\/\/www.frecherzwerg.com\/de\/#website\",\"url\":\"https:\/\/www.frecherzwerg.com\/de\/\",\"name\":\"Frecher Zwerg\",\"description\":\"\",\"potentialAction\":[{\"@type\":\"SearchAction\",\"target\":{\"@type\":\"EntryPoint\",\"urlTemplate\":\"https:\/\/www.frecherzwerg.com\/de\/?s={search_term_string}\"},\"query-input\":{\"@type\":\"PropertyValueSpecification\",\"valueRequired\":true,\"valueName\":\"search_term_string\"}}],\"inLanguage\":\"de\"}]}<\/script>\n<!-- \/ Yoast SEO plugin. -->","yoast_head_json":{"title":"Mund- und Nasenmaske f\u00fcr Kinder Erdbeeren - Frecher Zwerg","robots":{"index":"index","follow":"follow","max-snippet":"max-snippet:-1","max-image-preview":"max-image-preview:large","max-video-preview":"max-video-preview:-1"},"canonical":"https:\/\/www.frecherzwerg.com\/de\/shop\/mund-und-nasenmaske\/mund-und-nasenmaske-fuer-kinder-erdbeeren\/","og_locale":"de_DE","og_type":"article","og_title":"Mund- und Nasenmaske f\u00fcr Kinder Erdbeeren - Frecher Zwerg","og_description":"Ein \"must have\" Fr\u00fchling 2020  Diese Mund- und Nasenmasken sehen nicht nur stylish aus sie sind in der jetzigen Situation wichtig f\u00fcr das Wohl und die Sicherheit von Familien und deren Mitmenschen. Wir reduzieren dadurch die Teilung der Tr\u00f6pfchen in der Umgebung.  Die Masken sind gut waschbar und wiederverwendbar und wir k\u00f6nnen dadurch auch einen guten Beitrag zur Umwelt leisten.  Durch den eingearbeiteten Draht kann sie optimal an die Nase und Wangen angepasst werden, dadurch ist die Maske auch f\u00fcr Brillentr\u00e4ger sehr beliebt. Der Gummi ist weich und daher angenehm zu tragen.  Geeignet von 2-9 Jahre  Ab 10 Jahre empfehlen wir das Erwachsenen-Modell.","og_url":"https:\/\/www.frecherzwerg.com\/de\/shop\/mund-und-nasenmaske\/mund-und-nasenmaske-fuer-kinder-erdbeeren\/","og_site_name":"Frecher Zwerg","article_modified_time":"2021-11-08T09:52:06+00:00","og_image":[{"width":900,"height":900,"url":"https:\/\/www.frecherzwerg.com\/wp-content\/uploads\/2020\/04\/Mund-und-Nasenschutz-Erdbeere-Kind-small-1.jpg","type":"image\/jpeg"}],"twitter_card":"summary_large_image","schema":{"@context":"https:\/\/schema.org","@graph":[{"@type":"WebPage","@id":"https:\/\/www.frecherzwerg.com\/de\/shop\/mund-und-nasenmaske\/mund-und-nasenmaske-fuer-kinder-erdbeeren\/","url":"https:\/\/www.frecherzwerg.com\/de\/shop\/mund-und-nasenmaske\/mund-und-nasenmaske-fuer-kinder-erdbeeren\/","name":"Mund- und Nasenmaske f\u00fcr Kinder Erdbeeren - Frecher Zwerg","isPartOf":{"@id":"https:\/\/www.frecherzwerg.com\/de\/#website"},"primaryImageOfPage":{"@id":"https:\/\/www.frecherzwerg.com\/de\/shop\/mund-und-nasenmaske\/mund-und-nasenmaske-fuer-kinder-erdbeeren\/#primaryimage"},"image":{"@id":"https:\/\/www.frecherzwerg.com\/de\/shop\/mund-und-nasenmaske\/mund-und-nasenmaske-fuer-kinder-erdbeeren\/#primaryimage"},"thumbnailUrl":"https:\/\/www.frecherzwerg.com\/wp-content\/uploads\/2020\/04\/Mund-und-Nasenschutz-Erdbeere-Kind-small-1.jpg","datePublished":"2020-04-01T17:42:41+00:00","dateModified":"2021-11-08T09:52:06+00:00","breadcrumb":{"@id":"https:\/\/www.frecherzwerg.com\/de\/shop\/mund-und-nasenmaske\/mund-und-nasenmaske-fuer-kinder-erdbeeren\/#breadcrumb"},"inLanguage":"de","potentialAction":[{"@type":"ReadAction","target":["https:\/\/www.frecherzwerg.com\/de\/shop\/mund-und-nasenmaske\/mund-und-nasenmaske-fuer-kinder-erdbeeren\/"]}]},{"@type":"ImageObject","inLanguage":"de","@id":"https:\/\/www.frecherzwerg.com\/de\/shop\/mund-und-nasenmaske\/mund-und-nasenmaske-fuer-kinder-erdbeeren\/#primaryimage","url":"https:\/\/www.frecherzwerg.com\/wp-content\/uploads\/2020\/04\/Mund-und-Nasenschutz-Erdbeere-Kind-small-1.jpg","contentUrl":"https:\/\/www.frecherzwerg.com\/wp-content\/uploads\/2020\/04\/Mund-und-Nasenschutz-Erdbeere-Kind-small-1.jpg","width":900,"height":900},{"@type":"BreadcrumbList","@id":"https:\/\/www.frecherzwerg.com\/de\/shop\/mund-und-nasenmaske\/mund-und-nasenmaske-fuer-kinder-erdbeeren\/#breadcrumb","itemListElement":[{"@type":"ListItem","position":1,"name":"Startseite","item":"https:\/\/www.frecherzwerg.com\/de\/"},{"@type":"ListItem","position":2,"name":"Shop","item":"https:\/\/www.frecherzwerg.com\/de\/shop\/"},{"@type":"ListItem","position":3,"name":"Mund- und Nasenmaske f\u00fcr Kinder Erdbeeren"}]},{"@type":"WebSite","@id":"https:\/\/www.frecherzwerg.com\/de\/#website","url":"https:\/\/www.frecherzwerg.com\/de\/","name":"Frecher Zwerg","description":"","potentialAction":[{"@type":"SearchAction","target":{"@type":"EntryPoint","urlTemplate":"https:\/\/www.frecherzwerg.com\/de\/?s={search_term_string}"},"query-input":{"@type":"PropertyValueSpecification","valueRequired":true,"valueName":"search_term_string"}}],"inLanguage":"de"}]}},"_links":{"self":[{"href":"https:\/\/www.frecherzwerg.com\/de\/wp-json\/wp\/v2\/product\/4630","targetHints":{"allow":["GET"]}}],"collection":[{"href":"https:\/\/www.frecherzwerg.com\/de\/wp-json\/wp\/v2\/product"}],"about":[{"href":"https:\/\/www.frecherzwerg.com\/de\/wp-json\/wp\/v2\/types\/product"}],"replies":[{"embeddable":true,"href":"https:\/\/www.frecherzwerg.com\/de\/wp-json\/wp\/v2\/comments?post=4630"}],"wp:featuredmedia":[{"embeddable":true,"href":"https:\/\/www.frecherzwerg.com\/de\/wp-json\/wp\/v2\/media\/4628"}],"wp:attachment":[{"href":"https:\/\/www.frecherzwerg.com\/de\/wp-json\/wp\/v2\/media?parent=4630"}],"wp:term":[{"taxonomy":"product_brand","embeddable":true,"href":"https:\/\/www.frecherzwerg.com\/de\/wp-json\/wp\/v2\/product_brand?post=4630"},{"taxonomy":"product_cat","embeddable":true,"href":"https:\/\/www.frecherzwerg.com\/de\/wp-json\/wp\/v2\/product_cat?post=4630"},{"taxonomy":"product_tag","embeddable":true,"href":"https:\/\/www.frecherzwerg.com\/de\/wp-json\/wp\/v2\/product_tag?post=4630"}],"curies":[{"name":"wp","href":"https:\/\/api.w.org\/{rel}","templated":true}]}}

Mund- und Nasenmaske für Kinder Erdbeeren

<p>Eigenschaften:<br />
&#8211; wiederverwendbar<br />
&#8211; waschbar bei 60°<br />
&#8211; das Gummiband kann der Kopfgröße angepasst werden<br />
&#8211; durch einen eingearbeiteten Draht kann die Maske gut an die Nase angepasst werden und schließt so gut ab<br />
&#8211; aus Öko-Tex Standard 100 zertifizierten Materialien produziert<br />
&#8211; handgemacht in Österreich</p>
<p>Material:<br />
Aussen: 100% Baumwolle</p>
<p>ACHTUNG! Unsere Masken haben keinen medizinischen Virenfilter und bieten keinen Schutz vor der Ansteckung mit Covid-19. Sie schützen lediglich deine Mitmenschen.</p>

<p>Ein &#8222;must have&#8220; Frühling 2020</p>
<p>Diese Mund- und Nasenmasken sehen nicht nur stylish aus sie sind in der jetzigen Situation wichtig für das Wohl und die Sicherheit von Familien und deren Mitmenschen. Wir reduzieren dadurch die Teilung der Tröpfchen in der Umgebung.</p>
<p>Die Masken sind gut waschbar und wiederverwendbar und wir können dadurch auch einen guten Beitrag zur Umwelt leisten.</p>
<p>Durch den eingearbeiteten Draht kann sie optimal an die Nase und Wangen angepasst werden, dadurch ist die Maske auch für Brillenträger sehr beliebt. Der Gummi ist weich und daher angenehm zu tragen.</p>
<p>Geeignet von 2-9 Jahre</p>
<p>Ab 10 Jahre empfehlen wir das Erwachsenen-Modell.</p>

<!-- This site is optimized with the Yoast SEO plugin v26.3 - https://yoast.com/wordpress/plugins/seo/ -->
<title>Mund- und Nasenmaske für Kinder Erdbeeren - Frecher Zwerg</title>
<meta name="robots" content="index, follow, max-snippet:-1, max-image-preview:large, max-video-preview:-1" />
<link rel="canonical" href="https://www.frecherzwerg.com/de/shop/mund-und-nasenmaske/mund-und-nasenmaske-fuer-kinder-erdbeeren/" />
<meta property="og:locale" content="de_DE" />
<meta property="og:type" content="article" />
<meta property="og:title" content="Mund- und Nasenmaske für Kinder Erdbeeren - Frecher Zwerg" />
<meta property="og:description" content="Ein &quot;must have&quot; Frühling 2020  Diese Mund- und Nasenmasken sehen nicht nur stylish aus sie sind in der jetzigen Situation wichtig für das Wohl und die Sicherheit von Familien und deren Mitmenschen. Wir reduzieren dadurch die Teilung der Tröpfchen in der Umgebung.  Die Masken sind gut waschbar und wiederverwendbar und wir können dadurch auch einen guten Beitrag zur Umwelt leisten.  Durch den eingearbeiteten Draht kann sie optimal an die Nase und Wangen angepasst werden, dadurch ist die Maske auch für Brillenträger sehr beliebt. Der Gummi ist weich und daher angenehm zu tragen.  Geeignet von 2-9 Jahre  Ab 10 Jahre empfehlen wir das Erwachsenen-Modell." />
<meta property="og:url" content="https://www.frecherzwerg.com/de/shop/mund-und-nasenmaske/mund-und-nasenmaske-fuer-kinder-erdbeeren/" />
<meta property="og:site_name" content="Frecher Zwerg" />
<meta property="article:modified_time" content="2021-11-08T09:52:06+00:00" />
<meta property="og:image" content="https://www.frecherzwerg.com/wp-content/uploads/2020/04/Mund-und-Nasenschutz-Erdbeere-Kind-small-1.jpg" />
	<meta property="og:image:width" content="900" />
	<meta property="og:image:height" content="900" />
	<meta property="og:image:type" content="image/jpeg" />
<meta name="twitter:card" content="summary_large_image" />
<script type="application/ld+json" class="yoast-schema-graph">{"@context":"https://schema.org","@graph":[{"@type":"WebPage","@id":"https://www.frecherzwerg.com/de/shop/mund-und-nasenmaske/mund-und-nasenmaske-fuer-kinder-erdbeeren/","url":"https://www.frecherzwerg.com/de/shop/mund-und-nasenmaske/mund-und-nasenmaske-fuer-kinder-erdbeeren/","name":"Mund- und Nasenmaske für Kinder Erdbeeren - Frecher Zwerg","isPartOf":{"@id":"https://www.frecherzwerg.com/de/#website"},"primaryImageOfPage":{"@id":"https://www.frecherzwerg.com/de/shop/mund-und-nasenmaske/mund-und-nasenmaske-fuer-kinder-erdbeeren/#primaryimage"},"image":{"@id":"https://www.frecherzwerg.com/de/shop/mund-und-nasenmaske/mund-und-nasenmaske-fuer-kinder-erdbeeren/#primaryimage"},"thumbnailUrl":"https://www.frecherzwerg.com/wp-content/uploads/2020/04/Mund-und-Nasenschutz-Erdbeere-Kind-small-1.jpg","datePublished":"2020-04-01T17:42:41+00:00","dateModified":"2021-11-08T09:52:06+00:00","breadcrumb":{"@id":"https://www.frecherzwerg.com/de/shop/mund-und-nasenmaske/mund-und-nasenmaske-fuer-kinder-erdbeeren/#breadcrumb"},"inLanguage":"de","potentialAction":[{"@type":"ReadAction","target":["https://www.frecherzwerg.com/de/shop/mund-und-nasenmaske/mund-und-nasenmaske-fuer-kinder-erdbeeren/"]}]},{"@type":"ImageObject","inLanguage":"de","@id":"https://www.frecherzwerg.com/de/shop/mund-und-nasenmaske/mund-und-nasenmaske-fuer-kinder-erdbeeren/#primaryimage","url":"https://www.frecherzwerg.com/wp-content/uploads/2020/04/Mund-und-Nasenschutz-Erdbeere-Kind-small-1.jpg","contentUrl":"https://www.frecherzwerg.com/wp-content/uploads/2020/04/Mund-und-Nasenschutz-Erdbeere-Kind-small-1.jpg","width":900,"height":900},{"@type":"BreadcrumbList","@id":"https://www.frecherzwerg.com/de/shop/mund-und-nasenmaske/mund-und-nasenmaske-fuer-kinder-erdbeeren/#breadcrumb","itemListElement":[{"@type":"ListItem","position":1,"name":"Startseite","item":"https://www.frecherzwerg.com/de/"},{"@type":"ListItem","position":2,"name":"Shop","item":"https://www.frecherzwerg.com/de/shop/"},{"@type":"ListItem","position":3,"name":"Mund- und Nasenmaske für Kinder Erdbeeren"}]},{"@type":"WebSite","@id":"https://www.frecherzwerg.com/de/#website","url":"https://www.frecherzwerg.com/de/","name":"Frecher Zwerg","description":"","potentialAction":[{"@type":"SearchAction","target":{"@type":"EntryPoint","urlTemplate":"https://www.frecherzwerg.com/de/?s={search_term_string}"},"query-input":{"@type":"PropertyValueSpecification","valueRequired":true,"valueName":"search_term_string"}}],"inLanguage":"de"}]}</script>
<!-- / Yoast SEO plugin. -->

Mund- und Nasenmaske für Kinder Erdbeeren - Frecher Zwerg

Ein "must have" Frühling 2020  Diese Mund- und Nasenmasken sehen nicht nur stylish aus sie sind in der jetzigen Situation wichtig für das Wohl und die Sicherheit von Familien und deren Mitmenschen. Wir reduzieren dadurch die Teilung der Tröpfchen in der Umgebung.  Die Masken sind gut waschbar und wiederverwendbar und wir können dadurch auch einen guten Beitrag zur Umwelt leisten.  Durch den eingearbeiteten Draht kann sie optimal an die Nase und Wangen angepasst werden, dadurch ist die Maske auch für Brillenträger sehr beliebt. Der Gummi ist weich und daher angenehm zu tragen.  Geeignet von 2-9 Jahre  Ab 10 Jahre empfehlen wir das Erwachsenen-Modell.
